 r + 0*a + 12*a - a - 2*a + a**2. What is d(k)?
2
Let w(g) be the first derivative of -g**4/4 - g**3/3 + g**2/2 + 15*g + 17280. Let o = -3 + 3. What is w(o)?
15
Let y(s) = 2*s**3 + 16*s**2 + 13*s - 68. Let l be y(-6). Let q(f) = 43*f. Give q(l).
-86
Suppose v + 3*v - 28 = 0. Let b(f) = -7*f**2 - 75*f - 45. Let z(w) = 5*w**2 + 52*w + 31. Let m(s) = 7*b(s) + 10*z(s). Calculate m(v).
9
Let q(n) = n - 10. Let p be q(10). Suppose 10 = -p*t + 2*t. Suppose -6 = f - 2*a, -3*f - 2*f = t*a - 15. Let y(l) = -l + 6. Give y(f).
6
Suppose s - 2*s = 0. Let r(d) = s + 2*d + 0 + 1. Suppose -3*m - 3*m - 2210 + 2204 = 0. Determine r(m).
-1
Let s(r) = r**3 - 2*r**2 + 3*r - 9. Let k be s(3). Let i(l) = -86*l - k + 94*l - l**2 + 2. Give i(6).
5
Let c(m) = -3*m**2 - 104*m + 37. Let l be c(-35). Let j(u) be the first derivative of 0*u**l + 2/3*u**3 - 9 - u. Determine j(-2).
7
Let w(c) be the third derivative of -c**5/30 + c**4/8 + 4*c**3/3 - 51250*c**2 - 2*c. Let m = -4 - -2. Give w(m).
-6
Let u(o) = 71*o**2 + 95*o - 223. Let c(g) = 19*g**2 + 24*g - 56. Let n(v) = -15*c(v) + 4*u(v). What is n(17)?
-1
Let n(a) = 3*a**2 - 6*a + 2. Suppose -p = -3*p + 3*o - 8, 4*p = 5*o - 12. Let m be n(p). Let f(k) = -5 + 128*k**2 + 2*k - 127*k**m - 4*k. Calculate f(5).
10
Let p = -56 + -185. Let k = p - -245. Let s(i) = 2*i + 2 + 3*i + 0*i**2 - i**3 + 3*i**2. Calculate s(k).
6
Let m(s) = -4*s**2 + 24*s - 1. Let q(r) = 3*r**2 - 20*r. Let y(b) = -4*m(b) - 5*q(b). Give y(-5).
9
Let p(h) = -2*h - 3*h + 9*h + 6*h**2 - 7 + 8*h**2 - 16*h**2. Determine p(4).
-23
Let b(c) = 3*c + 3. Let v be 5/((-15)/(-3))*(-47)/1. Let h = 50 + v. Give b(h).
12
Let o(u) = -u**2 - 2*u - 5. Let j(m) = m**3 + 41*m**2 + 75*m - 118. Let z be j(-39). Calculate o(z).
-4
Let l(v) = 4. Let z be (-6)/2*(-356)/(-267). Let d(w) = w - 30. Let a(u) = z*l(u) - d(u). Calculate a(10).
4
Let i(l) be the second derivative of l**7/840 + l**6/90 + l**5/60 + l**4/12 + 11*l**3/6 - 56*l. Let h(k) be the second derivative of i(k). Determine h(-3).
5
Let a(j) = 5*j**3 - 2*j**3 + 13055*j - 6*j**2 - 13054*j - 4*j**3. Let f(s) = -2*s - 11. Let h be f(-10). Let n be (-2)/h + 572/(-99). Determine a(n).
-6
Let u = -336 - -386. Let m = -52 + u. Let t(q) = 5*q. Determine t(m).
-10
Let w(r) be the third derivative of -r**5/30 - r**4/4 + 5*r**3/6 - 30*r**2 + 667*r. Suppose -2*f - 3*v - 4 = 0, -8*v + 4*v = -f - 13. What is w(f)?
-15
Let y(g) be the second derivative of 1/24*g**5 + 0 + g + 0*g**2 - 5/3*g**3 + 1/360*g**6 + 0*g**4. Let s(c) be the second derivative of y(c). What is s(-6)?
6
Suppose 2*z - 1 = 9. Suppose -3*f - 8 = -z*f. Let u(c) = -4*c**2 - 2*c + 3. Let v(k) = -9*k**2 - 5*k + 6. Let l(o) = 7*u(o) - 3*v(o). Determine l(f).
-9
Let s = -109 - -137. Suppose -23*w + 5*g = -s*w + 25, 7 = -5*w + 3*g. Let b(n) = -9*n + 1. Give b(w).
-8
Suppose 2362*w - 2378*w = -224. Suppose -217 = -5*k - 4*q, 2*q - 76 = -2*k + 4*q. Let t(r) = -w*r - 13*r - 13*r + k*r - 3. Determine t(-4).
-7
Let r(v) be the second derivative of -3*v**4/2 + v**3/3 + v**2/2 - 14*v + 1. Determine r(2).
-67
Let n(w) = -w**3 + 17*w**2 + 22*w - 79. Suppose d - 52 = -3*q, -3*d + 64 + 2 = 4*q. Calculate n(q).
-7
Let p be 28/7*2/(-8)*-5. Suppose p = -4*m + 5*u, -2*m - 5*u + 21 = -14. Suppose 19 = 8*z - m. Let h(c) = -2*c - 2. What is h(z)?
-8
Let p = -1606 - -1609. Let a be 306/(-18)*(0 - 1). Let i(f) = 9 + 16*f - 6 - a*f. What is i(p)?
0
Let z(u) = u**2 - 2*u - 2. Let d be z(5). Suppose 24 = d*j - j. Let x(h) = 4*h. Give x(j).
8
Let v(r) = -r**3 - 2*r**2 + 3*r + 6. Let a be 57/(-4*(-3)/(-12)) - 1. Let j = 56 + a. Give v(j).
0
Let z(v) = 12*v**2 - 25*v + 2. Let i(h) = -5*h**2 + 10*h + 1. Let y(c) = -14*i(c) - 6*z(c). Determine y(4).
-18
Let m(n) = -3*n - 40. Let o be m(-15). Let g(k) = -o - 2*k - 8*k + 0*k + k**2 + 4*k. Calculate g(5).
-10
Let o(f) = f**2 + 2*f. Let m(d) = -7*d**2 + d + 39. Let k(t) = m(t) + 9*o(t). Calculate k(-8).
15
Suppose 3*l = -3*t + 2 - 35, 3*l - 2 = 4*t. Let r(b) = b**3 + 7*b**2 - 4*b - 11. Calculate r(l).
49
Let j be (-23460)/3105 - (-4)/(-9). Let n(q) = 2*q**2 + 7*q + 12. Calculate n(j).
84
Let g(y) = 3*y**2 + 4*y + 6. Let z(d) = -5*d**2 - 7*d - 8. Let k(s) = -2*s - 68. Let j be k(-30). Let o(f) = j*g(f) - 5*z(f). Give o(-6).
10
Let j(v) be the second derivative of 7*v**4/12 - 3*v**3/2 + 8*v**2 - 257*v. Let i(c) = -5*c**2 + 9*c - 16. Let l(z) = -3*i(z) - 2*j(z). What is l(8)?
8
Let q(o) = -o + 2. Let k be (102/(-15))/((-7)/(-35)). Let u = k + 62. Suppose 30 = 23*m - u*m. Determine q(m).
8
Let k(w) be the third derivative of 1/120*w**6 + 0*w - 1/12*w**4 + 0 + 86*w**2 - 1/6*w**3 + 0*w**5. What is k(2)?
3
Let i(l) = l**2 - 3*l - 2. Let g(w) = -9*w - 190. Let r(z) = 44*z + 946. Let m(j) = 11*g(j) + 2*r(j). Let o be m(-18). Give i(o).
-2
Let p(s) = -4*s + 69. Let i be p(-28). Let t = i + -172. Let a(v) = -v**3 + 8*v**2 + 8*v + 12. Determine a(t).
3
Suppose -2709*t + 2706*t - 3*h = 21, 8 = -4*h. Let o(l) = -l. Let i(p) = 3*p - 2 + p - 4. Let u(c) = i(c) + 5*o(c). Calculate u(t).
-1
Suppose -3*y - 21 + 45 = 0. Suppose y*w - 7*w = 3*a - 6, -2*w + 3*a = 0. Let l(z) = -z**3 + 5*z**2 + 7*z + 4. Determine l(w).
10
Let c(z) = -z**3 + 8*z**2 - 6*z + 13. Suppose 5*x - 24 = -4*i - 7, 5*i + x = 37. Give c(i).
-35
Let b = 1620 - 1649. Let a(j) = j + 52. Calculate a(b).
23
Let u(n) be the first derivative of -4*n - 15 - 4*n**2 - 1/3*n**3. Give u(-6).
8
Let y(u) = -u**3 + u**3 + 12*u - 1 + u**3 - 4 - 14*u**2. Suppose 5*n - 9*m - 75 = -10*m, -2*n + 3*m = 4. What is y(n)?
-18
Let i be ((-6)/(-15))/((-2)/60). Let a(m) = 5*m**3 - 12*m**2 - m + 3. Let o(d) = 33*d**3 - 72*d**2 - 7*d + 18. Let j(q) = 13*a(q) - 2*o(q). What is j(i)?
-9
Let r(w) = -45*w - 5. Let u = 26059 + -26059. Calculate r(u).
-5
Let g(v) = 4*v - 33. Suppose 2*n = -2*x + 28, 49*x = 51*x - 3*n - 13. Determine g(x).
11
Suppose 2*s + 3*k = -494, s + 258 = 11*k - 7*k. Let w = -247 - s. Let a(g) = 6*g. Give a(w).
18
Let c(d) be the second derivative of d**5/20 - 2*d**4/3 - 5*d**2 + d + 2893. Calculate c(8).
-10
Let m(f) = 28*f + 7. Let k(p) = 6*p - 1. Let y(u) = 5*k(u) - m(u). What is y(-6)?
-24
Let k(b) = -b - 27064 - 3*b + 6*b + 27070. Determine k(-10).
-14
Let k(y) = y**2 + 7*y + 6. Let j be k(-5). Let p(x) = -3 + 7101*x - 3 + 1 - 7098*x. What is p(j)?
-17
Suppose -12*g = -10*g + 22. Let b be 1/g + ((-536)/(-88) - 13). Let w(l) = 5*l - 2. Calculate w(b).
-37
Let g(c) = -c**3 - 4*c**2 - 8*c - 28. Let w be g(-4). Let u(z) = -z + 1. Let x be u(-1). Let f(h) = -2*h - h + 3 - x + 2 + h**2. Determine f(w).
7
Let h(y) = 62*y - 430. Suppose 25*j + 3*j - 476 = -40*j. What is h(j)?
4
Let u(x) = -7*x + 4. Let y = -154 + 145. Let v(i) = -i**2 - 6*i + 31. Let o be v(y). Determine u(o).
-24
Let y = -42 - -60. Suppose -y*q = -19*q + 4. Let j(k) = 3*k**2 - 4*k + 2. Let v(r) = 7*r**2 - 9*r + 4. Let i(u) = 5*j(u) - 2*v(u). Calculate i(q).
10
Suppose j = -4*j + 180. Suppose 5*a = -j - 4. Let o(t) = -58*t**2 - 5 - 72*t**2 - 9*t + 129*t**2. Calculate o(a).
3
Let w = -145 + 182. Let i(m) = -w*m + 20*m + 15*m. Let y(z) = z - 7. Let b be y(2). Calculate i(b).
10
Let o(x) = -51*x + 12 + 3*x - 153*x**2 + 176*x**2 + x**3. Calculate o(-25).
-38
Suppose 10*p - 6*p - 11 = n, 4*p - 4*n = 20. Let y(u) be the third derivative of -u**6/120 + u**5/15 - u**4/6 + u**3/2 + 2*u**2. Determine y(p).
3
Let m(h) = -28*h - 276. Suppose 168 = -40*k - 192 - 40. Calculate m(k).
4
Let r(q) = -4*q**3 + 5287*q - 11*q**2 - 5 + 5*q**3 - 5316*q + 0. Determine r(13).
-44
Suppose 0 = -4*z + l - 991 - 709, -3*z = 3*l + 1275. Let u = -430 - z. Let h(p) = -7*p. Calculate h(u).
35
Let f be ((-9)/(108/30))/(3/(-6)). Let u(o) = f*o - 3*o**2 + 19*o**2 + 0 - 12*o**2 - 4 - 5*o**2. Calculate u(3).
2
Let s(k) = -17*k + 22. Let z(c) = -21*c + 30. Let b(w) = -4*s(w) + 3*z(w). Calculate b(-4).
-18
Let w(s) = -s**2 - s - 1. Let i(g) = -4*g**2 - 3*g - 3. Let t(o) = i(o) - 5*w(o). Let k(a) = -a**2 + 10*a + 22. Let u be k(12). Give t(u).
2
Let k(g) = 15*g**3 + g - 1. Let m be (-4540)/8 + 4/8. Let o = m - -568. Calculate k(o).
15
Let j(i) = 2*i**3 + 19*i**2 - 7*i + 13. Suppose 23*k + 17*k + 213 = -187. Give j(k).
-17
Suppose w = -2*w + 6. Let h(j) = -j. Let f(v) be the first derivative of v**2 + 2*v + 5. Let o(i) = f(i) + 3*h(i). What is o(w)?
0
Let y(v) = -2*v - 4. Suppose 3*u + 408